hat is t(8)?
2
Let u(b) = b**2 + 4*b + 4. Let k(d) = -d**2 - 12*d - 42. Let w be k(-8). Let z be w + (2 + 1 - 4). Let o be z + 6 - 0/2. What is u(o)?
9
Let j(a) = 12*a**2 - 5*a + 4. Suppose z = 2*g - 5, -g - 54*z + 49*z = 3. Give j(g).
42
Let j(m) = -m**2 - 2*m - 1. Let r(z) = -z**3 + 9*z**2 + 13*z - 36. Let p be r(10). Let q(s) = -2*s**3 - 11*s**2 + 8*s + 8. Let v be q(p). Calculate j(v).
-9
Suppose g = 3*u + 48 - 70, -2*g + 19 = 3*u. Let z(v) = v + 0*v - 3 - 5 - 2*v. Determine z(u).
-15
Let d be (-8500)/750 - (8/(-6) + 2). Let m(z) = z**2 + 11*z + 16. Give m(d).
28
Let u(g) = -g**2 - 5*g - 3. Let f be u(-5). Let n(p) = 0*p**2 + 4*p**2 + p**3 - 31*p + 3*p + 12*p + 20*p + 2. Let o be n(f). Let z(x) = -8*x**3 + x. Give z(o).
7
Let h = 440 - 411. Let v(z) = 3*z + z**3 - h + 18 + 4*z**2 - 2*z + 12. Calculate v(-4).
-3
Let d(v) = -v**3 + 8*v**2 - 7*v + 8. Let g be d(5). Let q(k) = 53*k - 105*k + k**2 - 9 + g*k. Give q(7).
12
Let d = -20 - -10. Let i(m) be the second derivative of -m**4/12 - 2*m**3 - 7*m**2/2 + 175632*m. Give i(d).
13
Let m(w) = -24*w + 179. Let v(c) = -c**3 - 32*c**2 + 63*c - 163. Let p be v(-34). What is m(p)?
11
Suppose w - 5*w = 0. Let s(n) = -9*n + w + n**3 - 7*n**2 + 0*n**3 + 2. Suppose -3*c = -9, 2*x + 42*c - 46*c - 4 = 0. Give s(x).
-6
Let v be 10 + -8 + (-6)/3. Let y(z) be the second derivative of v + 1/2*z**4 - 2/3*z**3 + 7/2*z**2 + 2*z - 1/20*z**5. What is y(5)?
12
Let v(j) = -22*j + 175. Suppose -22 = -y + 2*h, 6*h = 3*h - 21. Calculate v(y).
-1
Let f(r) = -r - 1. Let k(y) = y**3 + 2*y**2 - 10*y - 3. Let c be k(-4). Suppose 4*s = 7*v - 2*v - 4, -v - c = 5*s. What is f(v)?
-1
Let d(i) = -i + 9 - 3 + 3*i + 2. Let y = -112 + 116. Let f(c) = 3*c + 9. Let a(t) = y*d(t) - 3*f(t). What is a(0)?
5
Let l(j) be the first derivative of j**4/12 - 8*j**3/3 + 9*j**2/2 - 91*j + 32. Let i(g) be the first derivative of l(g). Give i(15).
-6
Let i(x) = 83*x**2 + x + 43. Let y(t) = 138*t**2 + 2*t + 85. Let h(a) = 5*i(a) - 3*y(a). What is h(7)?
2
Let g(i) be the third derivative of -i**5/30 - 11*i**4/6 + 49*i**3/6 + 1247*i**2 - 2*i. Give g(-23).
3
Let d(v) = -11*v + 3 + 16*v - 6*v + 0*v - 10. Let b = 54 + -60. What is d(b)?
-1
Suppose 0*p + 3*d = p + 1, -5*p + 49 = 3*d. Let b(u) = -9 + 6*u - 7*u**3 + 0*u**3 + p*u**3 + 8*u**2. Suppose -5 = s + 2. Calculate b(s).
-2
Let k(r) be the second derivative of 25*r**3/6 - 17*r**2 - 16*r + 25. Give k(4).
66
Let z(t) be the second derivative of t**5/20 + t**4/2 + t. Suppose 35*i - 36*i + 22 = 0. Suppose 5*y + 3*s - s = -i, -14 = 3*y + s. What is z(y)?
0
Let j(t) = 2*t + 1. Let n(d) = -8*d - 5. Let f(k) = -39*j(k) - 6*n(k). Let q(b) = 13*b + 4. Let s(l) = -3*f(l) - 7*q(l). Determine s(-8).
7
Let p(s) be the third derivative of -s**6/120 + 13*s**5/60 + 11*s**4/24 - 8*s**3/3 + 1020*s**2. Calculate p(14).
-58
Let m(f) be the second derivative of -24*f + 1/2*f**2 - 2 - 1/6*f**3 + 1/12*f**4. Suppose 2*w = w. Calculate m(w).
1
Let p = 13 - 11. Let x(t) = 6 + 202*t**2 - t**3 + 2*t - 198*t**2 + p*t**3 + 2. Give x(-4).
0
Let y(p) be the second derivative of p**5/60 + p**4/12 - 2*p**3/3 - 28*p**2 - p + 15. Let z(o) be the first derivative of y(o). Calculate z(-5).
11
Let r(z) = 55 + 817*z - 1629*z + 818*z. Give r(-10).
-5
Let g(c) = 2*c**2 + 6*c**2 + 18*c - 146 + 137 - c**3 - 15*c. What is g(5)?
81
Let b(s) = -8*s - 7. Let m(u) be the first derivative of -9*u**2/2 - 8*u - 27. Let t = -9 + 4. Let a(f) = t*m(f) + 6*b(f). Calculate a(-4).
10
Let d = 43079 + -43078. Let r(s) = 92*s - 98. Determine r(d).
-6
Suppose -5*t - 4*y - 45 + 39 = 0, 4*t - 4*y = 60. Let g(u) = 3*u**3 - 16*u**2 + 9*u - 1. Calculate g(t).
125
Let y(b) be the first derivative of -b**2/2 - b + 54. Let a(m) = 8 + 2*m - 2*m**3 - 2*m**3 + 6*m**3 - 6*m**2 - 3*m**3. Let l be a(-6). Give y(l).
3
Let w(l) = l**2 + 57. Let i = 7530 - 7530. Calculate w(i).
57
Suppose -825 = 150*a - 117*a. Let d(x) = 3*x + 78. Determine d(a).
3
Let n(x) = -x**3 - 4*x**2 + 4*x - 6. Suppose -9*w + 4*w - 21 = 3*h, 0 = 4*w + 5*h + 9. Calculate n(w).
42
Let g be (-243)/(-4)*(-12 + 16). Let f(m) = -g*m + 3 + 241*m - 10. Give f(-6).
5
Let j = 1170 - 1175. Let m(d) = d**2 - 11*d + 11. Let y be m(10). Let z(k) = 3 - y - k - 2*k + 2*k. Calculate z(j).
7
Suppose 199 = -86*s - 317. Let v(a) = -a**3 - 3*a**2 + 18*a + 25. What is v(s)?
25
Let p(n) = -2*n**2 + 9*n - 6. Let j be (30/25)/(3/5). Suppose -12 = -j*l + 3*o, 0*o + 6 = l + 3*o. Determine p(l).
-24
Let v(m) = m**3 - 2*m**2 - 4*m + 2. Let b be (-3 - 37/(-13)) + (-1312)/(-416). Calculate v(b).
-1
Let m(v) = 2*v - 24. Let i be m(14). Suppose 0 + 22 = -4*z + 2*r, i = -3*z - r. Let b(p) = -p**2 - 2*p - 2. What is b(z)?
-5
Let u(q) = -5*q**2 - 3*q + 18. Let l(y) = -y**2 + y + 1. Let k(o) = -6*l(o) + u(o). Suppose -168*j + 41*j = 185*j - 2496. Calculate k(j).
4
Let g(q) = -2*q. Let y be ((-9)/4)/((-3)/32)*-2. Let t be y/264 + 136/22. Suppose -5 = -3*h + x, 2*h - 6*h + t = -2*x. Give g(h).
-4
Let h be 8/12 - (-7)/3. Let v(m) = h - 3*m**3 + 20*m**3 - 4. Determine v(1).
16
Suppose -n = -5*f - 29, -14*f + 9*f = 3*n + 53. Let l(m) = -10*m - 37. Calculate l(n).
23
Let l be (0/11)/6 + 7. Let v(i) = 0*i - i + 13*i - 5*i - i**2 + 2. Determine v(l).
2
Let h(w) = -2*w + 6. Let r(o) = -4*o - 2. Let d be r(-2). Suppose -4*t - 7*y + 12*y = 5, 0 = -4*t - 2*y + 30. Let c be t*6/9*d/4. Calculate h(c).
-4
Let q(v) = 16*v - 34. Suppose -849*x - 18 = -847*x, z + 4*x = -36. Determine q(z).
-34
Let a(p) = 394409 - 788765 + 394399 - 5*p. Calculate a(0).
43
Let v = 0 + -9. Let n(x) = -82*x - 2 + 1 + 81*x. What is n(v)?
8
Let y(s) be the first derivative of 2*s**3/3 - 5*s**2/2 + s - 60. Let w(o) = o**2 - 4*o + 2. Let n(l) = 3*w(l) - 2*y(l). Give n(-3).
1
Let l be (-4)/(-22) + ((-61464)/(-132))/13. Suppose -5 = -i - 3. Let g(z) = 39 - 4*z + z**i + l - 78. Calculate g(-2).
9
Suppose -3*c = 51*u - 53*u - 53, -72 = -5*c + u. Let o(w) = -15*w + 153. What is o(c)?
-42
Suppose -3*c + 7 + 8 = -3*t, -5*c + 13 = t. Let i(m) = 4*m**3 - 70*m**2 - 15*m - 3. Let v(h) = -6*h**2 - h. Let a(s) = i(s) - 12*v(s). What is a(t)?
-21
Let v(p) = 4*p**2 + 4. Let j = 5194 - 5189. What is v(j)?
104
Suppose 4*f + 328*c = 329*c - 76, 4*c = 4*f + 64. Let v(g) = g**3 + 19*g**2 - 22*g - 35. What is v(f)?
5
Let t(u) be the first derivative of 1/3*u**3 - 4*u**2 + 2 + 5*u. Let a be (-2 - 1)/(9/(-24)). Give t(a).
5
Let k(g) = 2*g**2 + 2*g - 14. Suppose 3*q + 10 = -4*i, 4*q = 5*i + 224 - 196. Give k(i).
10
Let k = -124 + 258. Let u = 100 - k. Let q(n) = -n - 24. Let d be q(u). Let a(m) = -m + 2. What is a(d)?
-8
Let a = 14 + 66. Let n be a/(-10) - 14/(-2). Let h(z) = 6*z - 2. Determine h(n).
-8
Let v(h) = 4*h**3 - 3*h**2 - 7*h - 9. Let y(g) = -3*g**3 + g**2 + 7*g + 8. Let l(t) = 2*v(t) + 3*y(t). Determine l(-4).
-6
Let n(w) = -12 + 67055*w**3 + 14 - 67056*w**3 - 11*w**2 - 9*w. Suppose 0*v = 4*v + 5*j + 15, 0 = v - 4*j + 30. Give n(v).
-8
Let c be 6/((-144)/(-6)) + (-648)/32. Let r(j) = j**3 + 20*j**2 - j - 25. Determine r(c).
-5
Let a(h) = -815*h + 1 + 407*h - 3*h**3 + 406*h + 0*h**3. Let q(i) = 32*i - 351. Let n be q(11). Give a(n).
-4
Let u(f) = 8*f. Let o = 299 - 250. Let v = -48 + o. Give u(v).
8
Let y(p) be the third derivative of 11*p**4/24 + 5*p**3/6 - 49*p**2 - 3*p. Let j be 1 - (-3)/(-6 + 5). What is y(j)?
-17
Let k(d) = 6*d + 45. Suppose -99 = 17*f + 49 - 46. Determine k(f).
9
Let x(u) = 4 - 11*u**2 - 2 + 1319*u - 2594*u + 1272*u + u**3. Give x(11).
-31
Let z be (-6 + 3 - -5) + -1 - -15. Suppose -11*s - z = -13*s. Let b(g) = 4*g**2 + g**2 - 3*g - 4*g**2 - s - g. What is b(6)?
4
Let q(s) = -92*s + 89. Let g(v) = -16*v - 5. Let b(y) = 6*g(y) - q(y). Give b(-31).
5
Let o be (24/40)/(11/(-55)). Let c(y) = 5*y**2 + 15*y + 42. What is c(o)?
42
Let q(h) be the first derivative of h**4/4 + 13*h**3/3 + h**2/2 + 59*h - 11520. Give q(-13).
46
Let n(z) be the third derivative of 3*z**2 + 1/60*z**5 + 0 + 7/24*z**4 + 0*z + 5/6*z**3. Let p be (-2 - (0 - 1))/((-43)/(-215)). Determine n(p).
-5
Suppose n = 3*x - 2*x - 2, x = 0. Let h(k) = 173*k - 12 + 18 - 7 - 172*k. Give h(n).
-3
Let l(w) be the third derivative of -w**6/360 - w**5/15 + w**4/6 + 4*w**3 - 23*w**2 - 2. Let n(o) be the first derivative of l(o). Give n(-6).
16
Let h(i) = 2*i**3 - 4*i**2 + i + 2. Let z be h(2). Let p(q) be the second deri